and 243.
81
What is the greatest common factor of 8940816 and 48?
48
Calculate the greatest common factor of 19179540 and 74930.
1270
Calculate the greatest common factor of 20202 and 538017.
111
Calculate the greatest common divisor of 41246352 and 91.
7
Calculate the highest common factor of 3024 and 4934664.
504
Calculate the highest common factor of 20 and 676740980.
20
What is the highest common divisor of 516 and 40883798?
86
What is the highest common factor of 18592 and 17192?
56
Calculate the greatest common divisor of 9800 and 2962780.
20
Calculate the highest common divisor of 58129610 and 462.
154
Calculate the highest common divisor of 7898571 and 135.
9
What is the greatest common factor of 135463851 and 104057?
6121
Calculate the greatest common factor of 52576260 and 42180.
2220
What is the greatest common factor of 1776 and 9453833?
37
Calculate the greatest common factor of 3306 and 3601452.
174
What is the greatest common divisor of 61328153 and 1126?
563
What is the highest common factor of 1004904 and 3128?
136
What is the greatest common factor of 3551298 and 549?
183
What is the greatest common divisor of 150 and 11860644?
6
Calculate the highest common divisor of 45352 and 1256.
8
Calculate the greatest common divisor of 1910314 and 12832757.
4949
Calculate the highest common divisor of 3020 and 6940564.
604
What is the highest common divisor of 322 and 4465772?
46
What is the highest common divisor of 432 and 94368?
48
Calculate the highest common factor of 199820754 and 476.
238
Calculate the highest common divisor of 125830584 and 3.
3
What is the greatest common divisor of 275 and 17600649?
11
What is the greatest common factor of 17604875 and 16375?
125
Calculate the highest common divisor of 1417234 and 366548.
182
What is the highest common factor of 672 and 1518762?
42
Calculate the greatest common factor of 111500 and 101000.
500
What is the greatest common factor of 237406 and 19435?
299
What is the highest common divisor of 3033079 and 3703?
161
What is the highest common factor of 143464 and 10822052?
316
Calculate the greatest common divisor of 2372447 and 5808.
121
What is the greatest common divisor of 329205 and 32385?
255
What is the greatest common divisor of 12023 and 3134724?
1093
What is the greatest common divisor of 100386 and 1381237?
1859
Calculate the greatest common divisor of 16323548 and 20176.
388
Calculate the highest common divisor of 669644976 and 1320.
264
What is the greatest common factor of 193325 and 486400?
475
What is the highest common factor of 205504 and 2770352?
3952
Calculate the highest common factor of 78 and 748346.
2
What is the highest common factor of 35 and 204407455?
35
What is the highest common factor of 3080 and 19223820?
1540
What is the greatest common factor of 14714 and 52816954?
2102
What is the highest common factor of 678 and 68046?
6
What is the highest common factor of 558372 and 142516?
316
What is the greatest common factor of 31 and 6548471?
31
Calculate the highest common divisor of 819960 and 4980.
60
Calculate the greatest common factor of 7298 and 1245466.
178
What is the highest common factor of 58725 and 6615?
135
Calculate the greatest common divisor of 2997652 and 42.
14
What is the greatest common factor of 2150958 and 246?
6
What is the greatest common factor of 10 and 335574220?
10
Calculate the greatest common divisor of 1151464 and 9176.
248
Calculate the greatest common factor of 931867190 and 2130.
710
What is the highest common factor of 10 and 16854070?
10
Calculate the highest common divisor of 9568 and 194051.
299
Calculate the greatest common divisor of 17265 and 658845.
15
Calculate the highest common divisor of 3168 and 159665.
11
What is the highest common factor of 13236825 and 4200?
525
What is the greatest common factor of 1114334 and 884?
26
Calculate the highest common divisor of 24 and 573585.
3
Calculate the highest common divisor of 84 and 3950877.
21
What is the greatest common factor of 75 and 80265?
15
What is the greatest common divisor of 786266 and 2106?
26
Calculate the highest common factor of 112624648 and 8.
8
Calculate the greatest common factor of 1290649584 and 112.
112
What is the greatest common factor of 346368 and 1322112?
4224
Calculate the greatest common divisor of 256 and 130345136.
16
What is the greatest common factor of 10322652 and 144?
12
What is the highest common divisor of 244202 and 238?
14
Calculate the greatest common factor of 16 and 541350608.
16
What is the greatest common divisor of 494 and 13668733?
247
Calculate the highest common factor of 6660 and 1479420.
180
What is the highest common divisor of 800 and 3631840?
160
What is the highest common divisor of 4443532 and 2167?
197
What is the greatest common divisor of 1257943291 and 737?
737
What is the highest common factor of 5328 and 430524?
36
What is the highest common divisor of 25668 and 533232?
828
Calculate the highest common factor of 914387 and 5803.
829
Calculate the greatest common divisor of 47299 and 2316020.
1631
What is the highest common factor of 9609 and 6?
3
What is the greatest common divisor of 522023737 and 639?
71
What is the greatest common factor of 322853 and 125748?
499
Calculate the highest common factor of 19969 and 22211.
19
Calculate the greatest common factor of 23901251 and 363.
121
What is the highest common factor of 2653622 and 1?
1
What is the highest common factor of 27921 and 5777556?
123
Calculate the highest common factor of 65980 and 5540.
20
Calculate the greatest common divisor of 34 and 20242121.
17
What is the highest common factor of 36047 and 139781?
113
Calculate the highest common factor of 2 and 93628102.
2
What is the greatest common divisor of 5600332 and 12?
4
What is the greatest common factor of 96135 and 5705115?
3315
What is the greatest common divisor of 142093 and 35520569?
2681
Calculate the highest common factor of 365451884 and 940.
188
Calculate the highest common divisor of 18343 and 10812659.
1079
What is the highest common factor of 11424 and 4562528?
544
Calculate the highest common divisor of 128797 and 5200614.
3481
Calculate the highest common factor of 823 and 1637.
1
What is the greatest common divisor of 8820952 and 108808?
3752
What is the greatest common factor of 25359 and 12054834?
321
Calculate the highest common divisor of 10461988 and 16348.
244
Calculate the highest common factor of 11866 and 108154.
34
What is the greatest common factor of 23437108 and 19?
19
What is the highest common divisor of 21604751 and 4347?
161
What is the greatest common divisor of 4095 and 1233810?
45
What is the highest common factor of 4404 and 14945708?
1468
Calculate the highest common factor of 90615018 and 3354.
3354
What is the highest common factor of 3456 and 17096?
8
What is the highest common factor of 2823535 and 11440?
715
What is the highest common factor of 21140 and 1963?
151
What is the greatest common factor of 315579 and 3194334?
2409
Calculate the highest common divisor of 551415 and 975.
15
Calculate the highest common divisor of 46618 and 37332542.
4238
What is the greatest common divisor of 11825092 and 1448?
724
What is the highest common divisor of 28689 and 4145451?
219
What is the highest common factor of 730575 and 12795?
15
What is the highest common divisor of 21465 and 1772055?
2385
What is the greatest common divisor of 5986249 and 2961?
47
What is the greatest common factor of 2264 and 4231133?
283
Calculate the greatest common factor of 73872873 and 213.
213
What is the greatest common divisor of 4167806 and 313294?
766
What is the highest common factor of 788485 and 4185?
155
What is the highest common divisor of 2152 and 37696853?
269
What is the greatest common divisor of 112636350 and 15?
15
What is the highest common divisor of 822928 and 1862?
38
Calculate the highest common factor of 919864924 and 3047.
3047
Calculate the highest common divisor of 43 and 967228713.
43
What is the greatest common factor of 8569 and 192427801?
779
What is the highest common factor of 3359395 and 26?
13
Calculate the greatest common divisor of 780 and 10512060.
780
What is the highest common factor of 22912 and 370351?
179
What is the highest common f